{"id":5277,"date":"2021-01-20T00:09:56","date_gmt":"2021-01-20T00:09:56","guid":{"rendered":"https:\/\/demo.gloriathemes.com\/bouffe\/demo\/?page_id=5277"},"modified":"2024-12-28T16:52:02","modified_gmt":"2024-12-28T16:52:02","slug":"about-us-2","status":"publish","type":"page","link":"https:\/\/restaurant.nuriservices.at\/?page_id=5277","title":{"rendered":"About Us 2"},"content":{"rendered":"\t\t<div data-elementor-type=\"wp-page\" data-elementor-id=\"5277\" class=\"elementor elementor-5277\" data-elementor-post-type=\"page\">\n\t\t\t\t<div class=\"elementor-element elementor-element-ed773b4 e-flex e-con-boxed e-con e-parent\" data-id=\"ed773b4\" data-element_type=\"container\">\n\t\t\t\t\t<div class=\"e-con-inner\">\n\t\t<div class=\"elementor-element elementor-element-eff99a4 e-con-full e-flex e-con e-child\" data-id=\"eff99a4\" data-element_type=\"container\">\n\t\t\t\t<div class=\"elementor-element elementor-element-d940e82 elementor-widget elementor-widget-heading\" data-id=\"d940e82\" data-element_type=\"widget\" data-widget_type=\"heading.default\">\n\t\t\t\t<div class=\"elementor-widget-container\">\n\t\t\t<h2 class=\"elementor-heading-title elementor-size-default\">\u00dcber uns<\/h2>\t\t<\/div>\n\t\t\t\t<\/div>\n\t\t\t\t<div class=\"elementor-element elementor-element-24b36df elementor-widget elementor-widget-text-editor\" data-id=\"24b36df\" data-element_type=\"widget\" data-widget_type=\"text-editor.default\">\n\t\t\t\t<div class=\"elementor-widget-container\">\n\t\t\t\t\t\t\t<p>Freunde des guten Geschmacks werden im BBQ Steakhouse Biedermannsdorf voll auf ihre Kosten kommen. Hier finden Sie von Steak Klassikern \u00fcber unsere BBQ Ripps Highlights bis zu einer riesigen Auswahl an herzhaften Steak-Variationen alles was das hungrige Herz begehrt. Die gutsortierte Getr\u00e4nkekarte l\u00e4sst Sie garantiert das eine oder andere Gl\u00e4schen fr\u00f6hlich schwenken.<\/p>\t\t\t\t\t\t<\/div>\n\t\t\t\t<\/div>\n\t\t\t\t<\/div>\n\t\t<div class=\"elementor-element elementor-element-3dad7c7 e-con-full e-flex e-con e-child\" data-id=\"3dad7c7\" data-element_type=\"container\">\n\t\t\t\t<div class=\"elementor-element elementor-element-eb2b17e elementor-widget elementor-widget-image\" data-id=\"eb2b17e\" data-element_type=\"widget\" data-widget_type=\"image.default\">\n\t\t\t\t<div class=\"elementor-widget-container\">\n\t\t\t\t\t\t\t\t\t\t\t\t\t<img fetchpriority=\"high\" decoding=\"async\" width=\"1024\" height=\"353\" src=\"https:\/\/restaurant.nuriservices.at\/wp-content\/uploads\/2024\/12\/test-e1734017408625-1024x353.jpg\" class=\"attachment-large size-large wp-image-8550\" alt=\"\" srcset=\"https:\/\/restaurant.nuriservices.at\/wp-content\/uploads\/2024\/12\/test-e1734017408625-1024x353.jpg 1024w, https:\/\/restaurant.nuriservices.at\/wp-content\/uploads\/2024\/12\/test-e1734017408625-300x104.jpg 300w, https:\/\/restaurant.nuriservices.at\/wp-content\/uploads\/2024\/12\/test-e1734017408625-768x265.jpg 768w, https:\/\/restaurant.nuriservices.at\/wp-content\/uploads\/2024\/12\/test-e1734017408625-256x88.jpg 256w, https:\/\/restaurant.nuriservices.at\/wp-content\/uploads\/2024\/12\/test-e1734017408625-512x177.jpg 512w, https:\/\/restaurant.nuriservices.at\/wp-content\/uploads\/2024\/12\/test-e1734017408625-600x207.jpg 600w, https:\/\/restaurant.nuriservices.at\/wp-content\/uploads\/2024\/12\/test-e1734017408625.jpg 1130w\" sizes=\"(max-width: 1024px) 100vw, 1024px\" \/>\t\t\t\t\t\t\t\t\t\t\t\t\t<\/div>\n\t\t\t\t<\/div>\n\t\t\t\t<\/div>\n\t\t\t\t\t<\/div>\n\t\t\t\t<\/div>\n\t\t\t\t<section class=\"elementor-section elementor-top-section elementor-element elementor-element-27f6f7f elementor-section-boxed elementor-section-height-default elementor-section-height-default\" data-id=\"27f6f7f\" data-element_type=\"section\">\n\t\t\t\t\t\t<div class=\"elementor-container elementor-column-gap-no\">\n\t\t\t\t\t<div class=\"elementor-column elementor-col-100 elementor-top-column elementor-element elementor-element-bfc5b73\" data-id=\"bfc5b73\" data-element_type=\"column\">\n\t\t\t<div class=\"elementor-widget-wrap elementor-element-populated\">\n\t\t\t\t\t\t<div class=\"elementor-element elementor-element-c61de4b elementor-invisible elementor-widget elementor-widget-bouffe-image-gallery-widget\" data-id=\"c61de4b\" data-element_type=\"widget\" data-settings=\"{&quot;_animation&quot;:&quot;fadeIn&quot;}\" data-widget_type=\"bouffe-image-gallery-widget.default\">\n\t\t\t\t<div class=\"elementor-widget-container\">\n\t\t\t<div class=\"gt-image-gallery gt-style-2\"><div class=\"swiper-container gt-carousel-container\" data-gt-item=\"3\" data-gt-item-group=\"3\" data-gt-item-space=\"20\" data-gt-loop=\"false\" data-gt-speed=\"1500\" data-gt-centered-slides=\"false\" data-gt-direction=\"horizontal\" data-gt-effect=\"slide\" data-gt-free-mode=\"false\" data-gt-lazy-loading=\"true\"><div class=\"gt-carousel-controls gt-style-1 gt-dark gt-position-top\"><div class=\"gt-carousel-pagination gt-style-1\"><\/div><div class=\"gt-carousel-navigation\"><div class=\"gt-carousel-prev\"><svg xmlns=\"https:\/\/www.w3.org\/2000\/svg\" width=\"24\" height=\"24\" viewBox=\"0 0 24 24\" fill=\"none\" stroke=\"currentColor\" stroke-width=\"2\" stroke-linecap=\"round\" stroke-linejoin=\"round\" class=\"feather feather-chevron-left\"><polyline points=\"15 18 9 12 15 6\"><\/polyline><\/svg><\/div><div class=\"gt-carousel-next\"><svg xmlns=\"https:\/\/www.w3.org\/2000\/svg\" width=\"24\" height=\"24\" viewBox=\"0 0 24 24\" fill=\"none\" stroke=\"currentColor\" stroke-width=\"2\" stroke-linecap=\"round\" stroke-linejoin=\"round\" class=\"feather feather-chevron-right\"><polyline points=\"9 18 15 12 9 6\"><\/polyline><\/svg><\/div><\/div><\/div><div class=\"swiper-wrapper\"><div class=\"swiper-slide\"><div class=\"gt-item\"><div class=\"gt-photo\"><a data-fancybox=\"images\" href=\"https:\/\/restaurant.nuriservices.at\/wp-content\/uploads\/2024\/12\/pngegg-2.png\" data-srcset=\"https:\/\/restaurant.nuriservices.at\/wp-content\/uploads\/2024\/12\/pngegg-2.png 900w, https:\/\/restaurant.nuriservices.at\/wp-content\/uploads\/2024\/12\/pngegg-2-300x196.png 300w, https:\/\/restaurant.nuriservices.at\/wp-content\/uploads\/2024\/12\/pngegg-2-768x501.png 768w, https:\/\/restaurant.nuriservices.at\/wp-content\/uploads\/2024\/12\/pngegg-2-256x167.png 256w, https:\/\/restaurant.nuriservices.at\/wp-content\/uploads\/2024\/12\/pngegg-2-512x334.png 512w, https:\/\/restaurant.nuriservices.at\/wp-content\/uploads\/2024\/12\/pngegg-2-600x391.png 600w\" data-caption=\"biedermannsdorf biedermannsdorf biedermannsdorf biedermannsdorf \"><img decoding=\"async\" width=\"500\" height=\"363\" src=\"https:\/\/restaurant.nuriservices.at\/wp-content\/uploads\/2024\/12\/pngegg-2-500x363.png\" class=\"attachment-bouffe-post-6 size-bouffe-post-6\" alt=\"\" \/><\/a><\/div><div class=\"gt-details\"><span>biedermannsdorf biedermannsdorf biedermannsdorf biedermannsdorf <\/span><\/div><\/div><\/div><div class=\"swiper-slide\"><div class=\"gt-item\"><div class=\"gt-photo\"><a data-fancybox=\"images\" href=\"https:\/\/restaurant.nuriservices.at\/wp-content\/uploads\/2024\/12\/pngegg-1-e1734100150661.png\" data-srcset=\"https:\/\/restaurant.nuriservices.at\/wp-content\/uploads\/2024\/12\/pngegg-1-e1734100150661.png 529w, https:\/\/restaurant.nuriservices.at\/wp-content\/uploads\/2024\/12\/pngegg-1-e1734100150661-142x300.png 142w, https:\/\/restaurant.nuriservices.at\/wp-content\/uploads\/2024\/12\/pngegg-1-e1734100150661-485x1024.png 485w, https:\/\/restaurant.nuriservices.at\/wp-content\/uploads\/2024\/12\/pngegg-1-e1734100150661-256x541.png 256w, https:\/\/restaurant.nuriservices.at\/wp-content\/uploads\/2024\/12\/pngegg-1-e1734100150661-512x1082.png 512w\" data-caption=\"biedermannsdorf biedermannsdorf \"><img decoding=\"async\" width=\"500\" height=\"363\" src=\"https:\/\/restaurant.nuriservices.at\/wp-content\/uploads\/2024\/12\/pngegg-1-e1734100150661-500x363.png\" class=\"attachment-bouffe-post-6 size-bouffe-post-6\" alt=\"\" \/><\/a><\/div><div class=\"gt-details\"><span>biedermannsdorf biedermannsdorf <\/span><\/div><\/div><\/div><div class=\"swiper-slide\"><div class=\"gt-item\"><div class=\"gt-photo\"><a data-fancybox=\"images\" href=\"https:\/\/restaurant.nuriservices.at\/wp-content\/uploads\/2024\/12\/pngegg.png\" data-srcset=\"https:\/\/restaurant.nuriservices.at\/wp-content\/uploads\/2024\/12\/pngegg.png 750w, https:\/\/restaurant.nuriservices.at\/wp-content\/uploads\/2024\/12\/pngegg-300x142.png 300w, https:\/\/restaurant.nuriservices.at\/wp-content\/uploads\/2024\/12\/pngegg-256x122.png 256w, https:\/\/restaurant.nuriservices.at\/wp-content\/uploads\/2024\/12\/pngegg-512x243.png 512w, https:\/\/restaurant.nuriservices.at\/wp-content\/uploads\/2024\/12\/pngegg-600x285.png 600w\" data-caption=\"biedermannsdorf biedermannsdorf \"><img loading=\"lazy\" decoding=\"async\" width=\"500\" height=\"356\" src=\"https:\/\/restaurant.nuriservices.at\/wp-content\/uploads\/2024\/12\/pngegg-500x356.png\" class=\"attachment-bouffe-post-6 size-bouffe-post-6\" alt=\"\" \/><\/a><\/div><div class=\"gt-details\"><span>biedermannsdorf biedermannsdorf <\/span><\/div><\/div><\/div><\/div><\/div><\/div>\t\t<\/div>\n\t\t\t\t<\/div>\n\t\t\t\t\t<\/div>\n\t\t<\/div>\n\t\t\t\t\t<\/div>\n\t\t<\/section>\n\t\t\t\t<\/div>\n\t\t","protected":false},"excerpt":{"rendered":"<p>\u00dcber uns Freunde des guten Geschmacks werden im BBQ Steakhouse Biedermannsdorf voll auf ihre Kosten kommen. Hier finden Sie von Steak Klassikern \u00fcber unsere BBQ&#8230;<\/p>\n","protected":false},"author":1,"featured_media":0,"parent":0,"menu_order":0,"comment_status":"closed","ping_status":"closed","template":"","meta":{"footnotes":""},"class_list":["post-5277","page","type-page","status-publish","hentry"],"_links":{"self":[{"href":"https:\/\/restaurant.nuriservices.at\/index.php?rest_route=\/wp\/v2\/pages\/5277","targetHints":{"allow":["GET"]}}],"collection":[{"href":"https:\/\/restaurant.nuriservices.at\/index.php?rest_route=\/wp\/v2\/pages"}],"about":[{"href":"https:\/\/restaurant.nuriservices.at\/index.php?rest_route=\/wp\/v2\/types\/page"}],"author":[{"embeddable":true,"href":"https:\/\/restaurant.nuriservices.at\/index.php?rest_route=\/wp\/v2\/users\/1"}],"replies":[{"embeddable":true,"href":"https:\/\/restaurant.nuriservices.at\/index.php?rest_route=%2Fwp%2Fv2%2Fcomments&post=5277"}],"version-history":[{"count":8,"href":"https:\/\/restaurant.nuriservices.at\/index.php?rest_route=\/wp\/v2\/pages\/5277\/revisions"}],"predecessor-version":[{"id":9308,"href":"https:\/\/restaurant.nuriservices.at\/index.php?rest_route=\/wp\/v2\/pages\/5277\/revisions\/9308"}],"wp:attachment":[{"href":"https:\/\/restaurant.nuriservices.at\/index.php?rest_route=%2Fwp%2Fv2%2Fmedia&parent=5277"}],"curies":[{"name":"wp","href":"https:\/\/api.w.org\/{rel}","templated":true}]}}